ert 123115 (base 6) to base 2.
10101100110111
24056626 (base 7) to base 4
20020201123
-1dfcd (base 16) to base 5
-12412304
Convert -296a659 (base 11) to base 5.
-2301011102
What is -230101200 (base 4) in base 7?
-1353462
-493e (base 16) to base 11
-130a6
-4772103 (base 9) to base 7
-30662016
-14bb99 (base 14) to base 7
-6103452
107798 (base 14) to base 16
885ca
70d7c (base 15) to base 10
357417
What is -443043223 (base 5) in base 16?
-1d5ecd
What is 10011424312 (base 5) in base 11?
5634298
What is 10011011101000111011011 (base 2) in base 12?
185b477
Convert 525254 (base 6) to base 16.
a6a2
Convert 8302411 (base 10) to base 12.
2944777
Convert 521134 (base 9) to base 11.
1a1349
Convert -10001101111011001 (base 2) to base 10.
-72665
-a00182 (base 12) to base 10
-2488562
What is 103168 (base 16) in base 12?
432174
-5456116 (base 7) to base 10
-669598
Convert 10100000011 (base 2) to base 6.
5535
Convert -50442 (base 13) to base 3.
-21021220010
49859 (base 11) to base 15
1631a
Convert 11200012120 (base 3) to base 5.
10421004
What is 141024 (base 11) in base 2?
110101111100101100
14a52 (base 11) to base 14
7a48
What is -61759 (base 11) in base 16?
-15fe8
Convert 2332122100 (base 5) to base 14.
9d31a8
Convert -5352163 (base 8) to base 11.
-897955
Convert 340311132 (base 5) to base 6.
52011102
What is -1101011010111111 (base 2) in base 6?
-1102303
16608262 (base 9) to base 2
11111110010001010110111
10111010001011000000100 (base 2) to base 16
5d1604
Convert -84b288 (base 12) to base 15.
-2b5235
-1317532 (base 9) to base 11
-45250a
3020012033 (base 5) to base 10
6016518
What is 47ac5f (base 16) in base 2?
10001111010110001011111
Convert 1001431020 (base 5) to base 14.
398a96
Convert -135424322 (base 6) to base 2.
-1010101000100000111010
433623 (base 7) to base 9
124840
-120130110310 (base 4) to base 10
-6407476
Convert -1000001101000111010 (base 2) to base 13.
-954b5
Convert -14cbd2 (base 14) to base 9.
-1326826
Convert 1023222240 (base 5) to base 14.
404926
1264001 (base 8) to base 5
42314210
What is -111000001111000011000 (base 2) in base 10?
-1842712
Convert 404143 (base 5) to base 6.
140224
Convert 328dd (base 14) to base 3.
20020001000
What is 5a548 (base 11) in base 8?
252204
-1d546 (base 14) to base 3
-10211001121
10112010111 (base 3) to base 6
1253021
Convert -5074711 (base 8) to base 16.
-1479c9
What is 11002031233 (base 4) in base 5?
314213131
-3bcdc (base 15) to base 2
-101110110110100011
What is -22220002 (base 5) in base 11?
-123565
What is -2844d (base 16) in base 6?
-3311341
-1575548 (base 11) to base 3
-12001111100021
Convert 10101202002222 (base 3) to base 16.
1b8df5
-22616 (base 13) to base 5
-4000144
What is -101100001011100011010 (base 2) in base 4?
-11201130122
Convert -110110001011000010 (base 2) to base 13.
-79cc6
Convert 33232032202 (base 4) to base 8.
17561642
-602423 (base 9) to base 2
-1010110111100000001
102661 (base 7) to base 5
1032310
141213033 (base 5) to base 9
1325816
What is -310320241 (base 5) in base 9?
-2331313
What is -13312010333 (base 4) in base 2?
-111110110000100111111
Convert -11355733 (base 9) to base 12.
-1a27510
What is 5c91b (base 15) in base 3?
120000120222
What is 11011001011100011000 (base 2) in base 12?
36b508
What is -2042125 (base 6) in base 12?
-49345
What is 1320132 (base 4) in base 9?
11516
What is 121312011 (base 5) in base 11?
361358
-1175b9 (base 12) to base 6
-10015553
Convert 30932a (base 14) to base 3.
10002021000002
-1011100111001110 (base 2) to base 3
-2102020201
142140311 (base 6) to base 14
558d35
63982 (base 10) to base 12
3103a
Convert 1661164 (base 7) to base 9.
385061
Convert 1103663 (base 7) to base 14.
376da
What is -9a4b8 (base 12) in base 15?
-40965
Convert 14ca55 (base 13) to base 4.
1331121331
What is -362230 (base 10) in base 16?
-586f6
What is 510772 (base 9) in base 13?
a7876
-101100010111000001110111 (base 2) to base 8
-54270167
-4642a (base 14) to base 16
-29bc6
Convert -415355 (base 7) to base 5.
-4242111
What is 17213534 (base 8) in base 6?
221451312
Convert -1771a7 (base 12) to base 5.
-101000401
Convert -51e95 (base 15) to base 8.
-773316
Convert 91885 (base 10) to base 7.
531613
What is 1355450 (base 7) in base 8?
543405
132320223 (base 5) to base 12
281b62
Convert -32764 (base 13) to base 10.
-91342
Convert -20c5d9 (base 15) to base 8.
-5750003
7ba65 (base 13) to base 4
313021023
Convert -27734 (base 15) to base 9.
-212464
112a789 (base 11) to base 12
7b3730
What is 93a63 (base 13) in base 9?
444061
10212120021212 (base 3) to base 6
112040335
Convert 5141652 (base 7) to base 15.
c24c0
What is -14a709 (base 14) in base 2?
-10101111110110110101
-508dd6 (base 16) to base 8
-24106726
731d (base 15) to base 5
1234303
What is -12013013223 (base 4) in base 10?
-1602027
What is 201020003 (base 4) in base 2?
100001001000000011
-10111100000100011000110 (base 2) to base 5
-3034201010
Convert 62267 (base 8) to base 14.
9579
Convert 110321100011 (base 4) to base 16.
539405
Convert 3045411 (base 6) to base 10.
146383
Convert 3db8b (base 14) to base 12.
747a7
What is 24100330 (base 5) in base 14?
5ac69
What is 4a86a29 (base 11) in base 13?
1a9bc99
Convert -21302202 (base 5) to base 13.
-64837
What is -9c0ea (base 16) in base 6?
-21411150
Convert 3072723 (base 9) to base 7.
16650015
Convert 100001100111011011110001 (base 2) to base 3.
121120201011111
Convert -1433100 (base 7) to base 16.
-2f286
152a40 (base 11) to base 8
721134
What is 40210413 (base 5) in base 7?
2500303
1010100101010100011 (base 2) to base 10
346787
What is 24145454 (base 7) in base 6?
113555215
-1321212111 (base 4) to base 2
-1111001100110010101
Convert -211223031 (base 4) to base 5.
-14414232
Convert -2210201210101 (base 3) to base 15.
-1e6a1d
-1539ac (base 14) to base 2
-10110100101011010100
Convert 63176 (base 10) to base 13.
229a9
11252620 (base 7) to base 6
33101101
What is 82d4d (base 15) in base 5?
101232443
-509792 (base 10) to base 15
-a10b2
Convert -3dd16a (base 16) to base 13.
-abb02c
What is -10111110100111100001 (base 2) in base 12?
-317a01
What is 250833 (base 9) in base 11?
a3981
-10023223101 (base 4) to base 15
-169cd6
What is -2da80 (base 14) in base 13?
-401c7
Convert 1297a08 (base 11) to base 10.
2235967
6579 (base 12) to base 11
8445
What is 232300001231 (base 4) in base 15?
112132b
Convert f5243 (base 16) to base 5.
224112344
-1000011111101001010 (base 2) to base 7
-2236335
Convert -473286 (base 9) to base 4.
-1011132012
110000110000001110 (base 2) to base 14
52abc
-3244551 (base 6) to base 4
-213133303
120111210 (base 5) to base 12
226905
Convert 110111001100011011001 (base 2) to base 15.
25ad36
402603 (base 7) to base 12
33583
1751571 (base 9) to base 5
222310122
120220103 (base 4) to base 3
12010101102
What is 3a5784 (base 13) in base 6?
50131541
Convert -49a0b4 (base 12) to base 15.
-18a57d
What is 1020031450 (base 6) in base 10?
10641846
What is 3005255 (base 6) in base 11?
97063
-30545024 (base 6) to base 8
-3300350
Convert 44452452 (base 6) to base 14.
270000
-277712 (base 8) to base 6
-2034510
1111410134 (base 6) to base 2
101110001110000110001010
Convert 11403142 (base 5) to base 6.
2141504
-234656 (base 7) to base 13
-16481
What is 21011100021 (base 3) in base 10?
140947
-137134 (base 8) to base 5
-3024412
Convert -10078837 (base 9) to base 8.
-22344122
What is -7d9708 (base 14) in base 4?
-100113123030
3289c2 (base 16) to base 3
20020021022010
33145011 (base 6) to base 2
11110010101000011111
What is -1131552 (base 7) in base 11?
-9799a
What is -b1606 (base 13) in base 5?
-40124023
What is -20001020110212 (base 3) in base 2?
-1100010000011011111010
-1141244120 (base 5) to base 6
-133244440
What is -61407210 (base 8) in base 11?
-7365a52
-7756975 (base 10) to base 9
-15532511
Convert -630858 (base 11) to base 16.
-f6e3c
53a244a (base 11) to base 14
139093a
What is -2123100021 (base 5) in base 3?
-22110210010211
What is 23530203 (base 6) in base 9?
1351683
What is -332421223 (base 5) in base 2?
-101100010010110101110
24342146 (base 7) to base 2
1000010011110110101100
What is -1100110220211 (base 3) in base 16?
-af4b6
What is 7bdd (base 16) in base 14?
b7ad
Convert -264090 (base 13) to base 16.
-e14e9
Convert 2011000120 (base 3) to base 4.
22110321
915030 (base 16) to base 3
12222